{"id":731,"date":"2018-12-16T00:34:35","date_gmt":"2018-12-15T23:34:35","guid":{"rendered":"http:\/\/www.maniamarket.fr\/boutique\/?post_type=product&#038;p=731"},"modified":"2025-08-11T15:14:49","modified_gmt":"2025-08-11T14:14:49","slug":"contribution-pour-update-football-manager-2019-france-r1-niveau-6-jouable-personnalise","status":"publish","type":"product","link":"https:\/\/www.maniamarket.fr\/boutique\/produit\/contribution-pour-update-football-manager-2019-france-r1-niveau-6-jouable-personnalise\/","title":{"rendered":"Save\/Update Football Manager 2019 \u2013 France R1 (Niveau 6 jouable)  &#8211; [Personnalis\u00e9]"},"content":{"rendered":"<p>Contribution pour jouer au championnat de France \u00e0 partir de la R1 (fictive soit le 6<sup>\u00e8me<\/sup> niveau national).<\/p>\n<p><strong>\u00a0<\/strong><\/p>\n<p>A noter dans cette update :<\/p>\n<ul>\n<li>Chaque club poss\u00e8de <strong>3<\/strong> \u00e9quipes<strong> : Premi\u00e8re, R\u00e9serve, U19<\/strong><\/li>\n<li><strong>Environ 20000<\/strong> Modifications dans la base<\/li>\n<li>Cr\u00e9ation de<strong><u> 6<\/u><\/strong> nouveaux clubs<\/li>\n<li>Gestion g\u00e9ographique tr\u00e8s optimis\u00e9e pour les mont\u00e9es\/descentes des clubs<\/li>\n<li>Correction de toutes les villes fran\u00e7aises pour un matching efficace des championnat<\/li>\n<li>Organisation quasi-totalement repens\u00e9e des ligues r\u00e9gionales afin de garder de la coh\u00e9rence pour le jeu (mont\u00e9es\/descentes) :\n<ul>\n<li><strong>R1<\/strong> : 1 groupe par r\u00e9gion<\/li>\n<\/ul>\n<\/li>\n<li>Correction et ajustement de nombreux param\u00e8tres<\/li>\n<li>Aucune \u00e9quipes 3 et 4 car incompatible avec une bonne jouabilit\u00e9<\/li>\n<li>Cr\u00e9ation du <strong>national U19<\/strong><\/li>\n<li>Il ne s&rsquo;agit pas d&rsquo;une update collant \u00e0 la r\u00e9alit\u00e9 mais elle s&rsquo;y rapproche en \u00e9tant organis\u00e9e de telle fa\u00e7on \u00e0 ce qu&rsquo;il n&rsquo;y ait pas de bugs ou de mauvais param\u00e9trages pour les r\u00e9gions. Les Ligues r\u00e9gionales \u00e9tant h\u00e9t\u00e9rog\u00e8nes entre elles, il n&rsquo;\u00e9tait pas souhaitable de reproduire la r\u00e9alit\u00e9.<\/li>\n<\/ul>\n<p>&nbsp;<\/p>\n<p><em><strong>L&rsquo;update a \u00e9t\u00e9 test\u00e9e jusqu&rsquo;au 3 avril 2042 sans bug.<\/strong><\/em><\/p>\n<p>&nbsp;<\/p>\n<p><iframe loading=\"lazy\" width=\"980\" height=\"551\" src=\"https:\/\/www.youtube.com\/embed\/wqzWn12C-mE?feature=oembed\" frameborder=\"0\" allow=\"accelerometer; autoplay; encrypted-media; gyroscope; picture-in-picture\" allowfullscreen><\/iframe><\/p>\n<p>&nbsp;<\/p>\n<p>&nbsp;<\/p>\n","protected":false},"excerpt":{"rendered":"<p>Update Football Manager 2019 France R1 personnalis\u00e9e &#8211; Jouez en championnat fran\u00e7ais niveau 6 avec r\u00e9alisme !<\/p>\n","protected":false},"featured_media":733,"comment_status":"open","ping_status":"closed","template":"","meta":[],"product_brand":[],"product_cat":[45],"product_tag":[],"class_list":{"0":"post-731","1":"product","2":"type-product","3":"status-publish","4":"has-post-thumbnail","6":"product_cat-updates-fm-2019","8":"first","9":"instock","10":"downloadable","11":"shipping-taxable","12":"purchasable","13":"product-type-simple"},"yoast_head":"<!-- This site is optimized with the Yoast SEO plugin v27.3 - https:\/\/yoast.com\/product\/yoast-seo-wordpress\/ -->\n<title>Update FM 2019 France R1 Personnalis\u00e9e | Championnat Niveau 6<\/title>\n<meta name=\"description\" content=\"Update Football Manager 2019 France R1 personnalis\u00e9e. Jouez en championnat fran\u00e7ais niveau 6 avec r\u00e9alisme total. 4.99\u20ac !\" \/>\n<meta name=\"robots\" content=\"index, follow, max-snippet:-1, max-image-preview:large, max-video-preview:-1\" \/>\n<link rel=\"canonical\" href=\"https:\/\/www.maniamarket.fr\/boutique\/produit\/contribution-pour-update-football-manager-2019-france-r1-niveau-6-jouable-personnalise\/\" \/>\n<meta property=\"og:locale\" content=\"fr_FR\" \/>\n<meta property=\"og:type\" content=\"article\" \/>\n<meta property=\"og:title\" content=\"Update FM 2019 France R1 Personnalis\u00e9e | Championnat Niveau 6\" \/>\n<meta property=\"og:description\" content=\"Update Football Manager 2019 France R1 personnalis\u00e9e. Jouez en championnat fran\u00e7ais niveau 6 avec r\u00e9alisme total. 4.99\u20ac !\" \/>\n<meta property=\"og:url\" content=\"https:\/\/www.maniamarket.fr\/boutique\/produit\/contribution-pour-update-football-manager-2019-france-r1-niveau-6-jouable-personnalise\/\" \/>\n<meta property=\"og:site_name\" content=\"Maniamarket\" \/>\n<meta property=\"article:modified_time\" content=\"2025-08-11T14:14:49+00:00\" \/>\n<meta property=\"og:image\" content=\"https:\/\/www.maniamarket.fr\/boutique\/wp-content\/uploads\/2018\/12\/Image-Produit-1024x686.png\" \/>\n\t<meta property=\"og:image:width\" content=\"1024\" \/>\n\t<meta property=\"og:image:height\" content=\"686\" \/>\n\t<meta property=\"og:image:type\" content=\"image\/png\" \/>\n<meta name=\"twitter:card\" content=\"summary_large_image\" \/>\n<meta name=\"twitter:label1\" content=\"Dur\u00e9e de lecture estim\u00e9e\" \/>\n\t<meta name=\"twitter:data1\" content=\"1 minute\" \/>\n<script type=\"application\/ld+json\" class=\"yoast-schema-graph\">{\"@context\":\"https:\\\/\\\/schema.org\",\"@graph\":[{\"@type\":\"WebPage\",\"@id\":\"https:\\\/\\\/www.maniamarket.fr\\\/boutique\\\/produit\\\/contribution-pour-update-football-manager-2019-france-r1-niveau-6-jouable-personnalise\\\/\",\"url\":\"https:\\\/\\\/www.maniamarket.fr\\\/boutique\\\/produit\\\/contribution-pour-update-football-manager-2019-france-r1-niveau-6-jouable-personnalise\\\/\",\"name\":\"Update FM 2019 France R1 Personnalis\u00e9e | Championnat Niveau 6\",\"isPartOf\":{\"@id\":\"https:\\\/\\\/www.maniamarket.fr\\\/boutique\\\/#website\"},\"primaryImageOfPage\":{\"@id\":\"https:\\\/\\\/www.maniamarket.fr\\\/boutique\\\/produit\\\/contribution-pour-update-football-manager-2019-france-r1-niveau-6-jouable-personnalise\\\/#primaryimage\"},\"image\":{\"@id\":\"https:\\\/\\\/www.maniamarket.fr\\\/boutique\\\/produit\\\/contribution-pour-update-football-manager-2019-france-r1-niveau-6-jouable-personnalise\\\/#primaryimage\"},\"thumbnailUrl\":\"https:\\\/\\\/www.maniamarket.fr\\\/boutique\\\/wp-content\\\/uploads\\\/2018\\\/12\\\/Image-Produit.png\",\"datePublished\":\"2018-12-15T23:34:35+00:00\",\"dateModified\":\"2025-08-11T14:14:49+00:00\",\"description\":\"Update Football Manager 2019 France R1 personnalis\u00e9e. Jouez en championnat fran\u00e7ais niveau 6 avec r\u00e9alisme total. 4.99\u20ac !\",\"breadcrumb\":{\"@id\":\"https:\\\/\\\/www.maniamarket.fr\\\/boutique\\\/produit\\\/contribution-pour-update-football-manager-2019-france-r1-niveau-6-jouable-personnalise\\\/#breadcrumb\"},\"inLanguage\":\"fr-FR\",\"potentialAction\":[{\"@type\":\"ReadAction\",\"target\":[\"https:\\\/\\\/www.maniamarket.fr\\\/boutique\\\/produit\\\/contribution-pour-update-football-manager-2019-france-r1-niveau-6-jouable-personnalise\\\/\"]}]},{\"@type\":\"ImageObject\",\"inLanguage\":\"fr-FR\",\"@id\":\"https:\\\/\\\/www.maniamarket.fr\\\/boutique\\\/produit\\\/contribution-pour-update-football-manager-2019-france-r1-niveau-6-jouable-personnalise\\\/#primaryimage\",\"url\":\"https:\\\/\\\/www.maniamarket.fr\\\/boutique\\\/wp-content\\\/uploads\\\/2018\\\/12\\\/Image-Produit.png\",\"contentUrl\":\"https:\\\/\\\/www.maniamarket.fr\\\/boutique\\\/wp-content\\\/uploads\\\/2018\\\/12\\\/Image-Produit.png\",\"width\":1612,\"height\":1080},{\"@type\":\"BreadcrumbList\",\"@id\":\"https:\\\/\\\/www.maniamarket.fr\\\/boutique\\\/produit\\\/contribution-pour-update-football-manager-2019-france-r1-niveau-6-jouable-personnalise\\\/#breadcrumb\",\"itemListElement\":[{\"@type\":\"ListItem\",\"position\":1,\"name\":\"Accueil\",\"item\":\"https:\\\/\\\/www.maniamarket.fr\\\/boutique\\\/\"},{\"@type\":\"ListItem\",\"position\":2,\"name\":\"Boutique\",\"item\":\"https:\\\/\\\/www.maniamarket.fr\\\/boutique\\\/\"},{\"@type\":\"ListItem\",\"position\":3,\"name\":\"Save\\\/Update Football Manager 2019 \u2013 France R1 (Niveau 6 jouable) &#8211; [Personnalis\u00e9]\"}]},{\"@type\":\"WebSite\",\"@id\":\"https:\\\/\\\/www.maniamarket.fr\\\/boutique\\\/#website\",\"url\":\"https:\\\/\\\/www.maniamarket.fr\\\/boutique\\\/\",\"name\":\"Maniamarket\",\"description\":\"\",\"publisher\":{\"@id\":\"https:\\\/\\\/www.maniamarket.fr\\\/boutique\\\/#organization\"},\"potentialAction\":[{\"@type\":\"SearchAction\",\"target\":{\"@type\":\"EntryPoint\",\"urlTemplate\":\"https:\\\/\\\/www.maniamarket.fr\\\/boutique\\\/?s={search_term_string}\"},\"query-input\":{\"@type\":\"PropertyValueSpecification\",\"valueRequired\":true,\"valueName\":\"search_term_string\"}}],\"inLanguage\":\"fr-FR\"},{\"@type\":\"Organization\",\"@id\":\"https:\\\/\\\/www.maniamarket.fr\\\/boutique\\\/#organization\",\"name\":\"Maniamarket\",\"url\":\"https:\\\/\\\/www.maniamarket.fr\\\/boutique\\\/\",\"logo\":{\"@type\":\"ImageObject\",\"inLanguage\":\"fr-FR\",\"@id\":\"https:\\\/\\\/www.maniamarket.fr\\\/boutique\\\/#\\\/schema\\\/logo\\\/image\\\/\",\"url\":\"https:\\\/\\\/www.maniamarket.fr\\\/boutique\\\/wp-content\\\/uploads\\\/2015\\\/10\\\/cropped-cropped-imania.png\",\"contentUrl\":\"https:\\\/\\\/www.maniamarket.fr\\\/boutique\\\/wp-content\\\/uploads\\\/2015\\\/10\\\/cropped-cropped-imania.png\",\"width\":512,\"height\":384,\"caption\":\"Maniamarket\"},\"image\":{\"@id\":\"https:\\\/\\\/www.maniamarket.fr\\\/boutique\\\/#\\\/schema\\\/logo\\\/image\\\/\"}}]}<\/script>\n<!-- \/ Yoast SEO plugin. -->","yoast_head_json":{"title":"Update FM 2019 France R1 Personnalis\u00e9e | Championnat Niveau 6","description":"Update Football Manager 2019 France R1 personnalis\u00e9e. Jouez en championnat fran\u00e7ais niveau 6 avec r\u00e9alisme total. 4.99\u20ac !","robots":{"index":"index","follow":"follow","max-snippet":"max-snippet:-1","max-image-preview":"max-image-preview:large","max-video-preview":"max-video-preview:-1"},"canonical":"https:\/\/www.maniamarket.fr\/boutique\/produit\/contribution-pour-update-football-manager-2019-france-r1-niveau-6-jouable-personnalise\/","og_locale":"fr_FR","og_type":"article","og_title":"Update FM 2019 France R1 Personnalis\u00e9e | Championnat Niveau 6","og_description":"Update Football Manager 2019 France R1 personnalis\u00e9e. Jouez en championnat fran\u00e7ais niveau 6 avec r\u00e9alisme total. 4.99\u20ac !","og_url":"https:\/\/www.maniamarket.fr\/boutique\/produit\/contribution-pour-update-football-manager-2019-france-r1-niveau-6-jouable-personnalise\/","og_site_name":"Maniamarket","article_modified_time":"2025-08-11T14:14:49+00:00","og_image":[{"width":1024,"height":686,"url":"https:\/\/www.maniamarket.fr\/boutique\/wp-content\/uploads\/2018\/12\/Image-Produit-1024x686.png","type":"image\/png"}],"twitter_card":"summary_large_image","twitter_misc":{"Dur\u00e9e de lecture estim\u00e9e":"1 minute"},"schema":{"@context":"https:\/\/schema.org","@graph":[{"@type":"WebPage","@id":"https:\/\/www.maniamarket.fr\/boutique\/produit\/contribution-pour-update-football-manager-2019-france-r1-niveau-6-jouable-personnalise\/","url":"https:\/\/www.maniamarket.fr\/boutique\/produit\/contribution-pour-update-football-manager-2019-france-r1-niveau-6-jouable-personnalise\/","name":"Update FM 2019 France R1 Personnalis\u00e9e | Championnat Niveau 6","isPartOf":{"@id":"https:\/\/www.maniamarket.fr\/boutique\/#website"},"primaryImageOfPage":{"@id":"https:\/\/www.maniamarket.fr\/boutique\/produit\/contribution-pour-update-football-manager-2019-france-r1-niveau-6-jouable-personnalise\/#primaryimage"},"image":{"@id":"https:\/\/www.maniamarket.fr\/boutique\/produit\/contribution-pour-update-football-manager-2019-france-r1-niveau-6-jouable-personnalise\/#primaryimage"},"thumbnailUrl":"https:\/\/www.maniamarket.fr\/boutique\/wp-content\/uploads\/2018\/12\/Image-Produit.png","datePublished":"2018-12-15T23:34:35+00:00","dateModified":"2025-08-11T14:14:49+00:00","description":"Update Football Manager 2019 France R1 personnalis\u00e9e. Jouez en championnat fran\u00e7ais niveau 6 avec r\u00e9alisme total. 4.99\u20ac !","breadcrumb":{"@id":"https:\/\/www.maniamarket.fr\/boutique\/produit\/contribution-pour-update-football-manager-2019-france-r1-niveau-6-jouable-personnalise\/#breadcrumb"},"inLanguage":"fr-FR","potentialAction":[{"@type":"ReadAction","target":["https:\/\/www.maniamarket.fr\/boutique\/produit\/contribution-pour-update-football-manager-2019-france-r1-niveau-6-jouable-personnalise\/"]}]},{"@type":"ImageObject","inLanguage":"fr-FR","@id":"https:\/\/www.maniamarket.fr\/boutique\/produit\/contribution-pour-update-football-manager-2019-france-r1-niveau-6-jouable-personnalise\/#primaryimage","url":"https:\/\/www.maniamarket.fr\/boutique\/wp-content\/uploads\/2018\/12\/Image-Produit.png","contentUrl":"https:\/\/www.maniamarket.fr\/boutique\/wp-content\/uploads\/2018\/12\/Image-Produit.png","width":1612,"height":1080},{"@type":"BreadcrumbList","@id":"https:\/\/www.maniamarket.fr\/boutique\/produit\/contribution-pour-update-football-manager-2019-france-r1-niveau-6-jouable-personnalise\/#breadcrumb","itemListElement":[{"@type":"ListItem","position":1,"name":"Accueil","item":"https:\/\/www.maniamarket.fr\/boutique\/"},{"@type":"ListItem","position":2,"name":"Boutique","item":"https:\/\/www.maniamarket.fr\/boutique\/"},{"@type":"ListItem","position":3,"name":"Save\/Update Football Manager 2019 \u2013 France R1 (Niveau 6 jouable) &#8211; [Personnalis\u00e9]"}]},{"@type":"WebSite","@id":"https:\/\/www.maniamarket.fr\/boutique\/#website","url":"https:\/\/www.maniamarket.fr\/boutique\/","name":"Maniamarket","description":"","publisher":{"@id":"https:\/\/www.maniamarket.fr\/boutique\/#organization"},"potentialAction":[{"@type":"SearchAction","target":{"@type":"EntryPoint","urlTemplate":"https:\/\/www.maniamarket.fr\/boutique\/?s={search_term_string}"},"query-input":{"@type":"PropertyValueSpecification","valueRequired":true,"valueName":"search_term_string"}}],"inLanguage":"fr-FR"},{"@type":"Organization","@id":"https:\/\/www.maniamarket.fr\/boutique\/#organization","name":"Maniamarket","url":"https:\/\/www.maniamarket.fr\/boutique\/","logo":{"@type":"ImageObject","inLanguage":"fr-FR","@id":"https:\/\/www.maniamarket.fr\/boutique\/#\/schema\/logo\/image\/","url":"https:\/\/www.maniamarket.fr\/boutique\/wp-content\/uploads\/2015\/10\/cropped-cropped-imania.png","contentUrl":"https:\/\/www.maniamarket.fr\/boutique\/wp-content\/uploads\/2015\/10\/cropped-cropped-imania.png","width":512,"height":384,"caption":"Maniamarket"},"image":{"@id":"https:\/\/www.maniamarket.fr\/boutique\/#\/schema\/logo\/image\/"}}]}},"_links":{"self":[{"href":"https:\/\/www.maniamarket.fr\/boutique\/wp-json\/wp\/v2\/product\/731","targetHints":{"allow":["GET"]}}],"collection":[{"href":"https:\/\/www.maniamarket.fr\/boutique\/wp-json\/wp\/v2\/product"}],"about":[{"href":"https:\/\/www.maniamarket.fr\/boutique\/wp-json\/wp\/v2\/types\/product"}],"replies":[{"embeddable":true,"href":"https:\/\/www.maniamarket.fr\/boutique\/wp-json\/wp\/v2\/comments?post=731"}],"wp:featuredmedia":[{"embeddable":true,"href":"https:\/\/www.maniamarket.fr\/boutique\/wp-json\/wp\/v2\/media\/733"}],"wp:attachment":[{"href":"https:\/\/www.maniamarket.fr\/boutique\/wp-json\/wp\/v2\/media?parent=731"}],"wp:term":[{"taxonomy":"product_brand","embeddable":true,"href":"https:\/\/www.maniamarket.fr\/boutique\/wp-json\/wp\/v2\/product_brand?post=731"},{"taxonomy":"product_cat","embeddable":true,"href":"https:\/\/www.maniamarket.fr\/boutique\/wp-json\/wp\/v2\/product_cat?post=731"},{"taxonomy":"product_tag","embeddable":true,"href":"https:\/\/www.maniamarket.fr\/boutique\/wp-json\/wp\/v2\/product_tag?post=731"}],"curies":[{"name":"wp","href":"https:\/\/api.w.org\/{rel}","templated":true}]}}